of 1/3*t**3 + 0*t**2 - 3*t + 1/6*t**4 + 0. What is y(-2)?
4
Let b(g) = 2*g - 3. Let n be b(3). Suppose -k - 16 = -n*k + 3*f, -2*k = f. Let z(i) = 2*i. Determine z(k).
4
Let k(i) be the second derivative of -2*i**2 + 1/6*i**3 + 1/12*i**4 + 0 + 4*i. Determine k(3).
8
Let n(o) = -o**3 - 5*o**2 + 7*o + 7. Let x(h) = h**2 - h - 2. Let m be x(5). Suppose 0 = 4*p - 7*p - m. Give n(p).
1
Let u(f) = 3 - 2 + 5*f**2 - 25*f**2 - f + 17*f**2. Let z = 1 - 1. Suppose 3*p + p - 4 = z. Calculate u(p).
-3
Let h(i) = -i**2 + 11*i - 9. Let q = -30 - -40. Determine h(q).
1
Suppose -2*t = -m + 101, 8*t - 3*t + 4*m = -246. Let p = -24 - t. Suppose 0 = 2*g - 4*l + p, -3*g - 5*l + l + 11 = 0. Let r(z) = z + 3. Determine r(g).
0
Let g(o) = o**2 + 4*o - 8. Let c(z) = -z**2 - 3*z + 7. Let x(u) = -6*c(u) - 5*g(u). What is x(4)?
6
Let l be 3/4 + (-21)/28. Let o(r) = l + r**2 + 3*r**3 - 2*r**3 - r - 1 + 0*r. Determine o(2).
9
Suppose 0 = -0*a - 3*a + 30. Suppose 0 = -k + 6*k - a. Let n(v) be the third derivative of v**6/120 - v**4/24 + v**3/6 - 3*v**2 - 2*v. Give n(k).
7
Let q(y) = y**2 - 3*y + 6 + 37*y - 8*y - 14*y. Give q(-11).
-5
Let t be (-6)/21 + 44/7. Let q(d) = -d**2 - 3*d + 0*d + t*d - 4. Let k(r) = -r**3 + 7*r**2 - 5*r - 3. Let f be k(6). Give q(f).
-4
Let u be -1 - ((-171)/(-3))/(-3). Let s = u - 12. Suppose t = -0*t - s. Let f(h) = h**3 + 5*h**2 - 6*h - 3. Determine f(t).
-3
Let s be (-12)/(-3) + -2 + (-2)/2. Let c(p) = -2*p**2 - 4 + p + 3 + p**2 - p**3. Determine c(s).
-2
Let i(x) be the second derivative of x + 0*x**3 + 0 + 1/2*x**2 - 1/12*x**4. Determine i(-1).
0
Let n = -5 + 8. Let k(o) = -16*o + 6. Let m be 0*(-2)/4 - -2. Let i(s) = 3*s - 1. Let t(v) = m*k(v) + 11*i(v). What is t(n)?
4
Let t(o) = -3*o + 1. Let f be 6*((-2)/(-3) + 2). Suppose 3*m = z + z + f, 0 = 4*m + 4*z + 12. Calculate t(m).
-5
Let t(v) = -2*v**3 - 2*v**2 + v - 2. Let y = -2 - -4. Suppose 7 = -y*j + j. Let l = j + 5. Calculate t(l).
4
Let l(t) = t**2 + t**2 + 1 - t + 0*t. Let j be (-8)/8 + (3 - 1). Determine l(j).
2
Let z(y) be the third derivative of y**5/60 - y**4/24 - y**3/3 + 2*y**2. Let o = -18 - -25. Let u = o - 7. Calculate z(u).
-2
Let w be (3 - 2)*(-2 - 0)/(-2). Let c(m) = 2*m - 1 + 3*m**2 - m + 0. Calculate c(w).
3
Let k(f) = 4*f**2 + 3*f - 5. Let s(o) = o**2 - 1. Let y(t) = -k(t) + 6*s(t). Let w(p) = -p. Let z be w(1). Let v be z/(-4) - 11/(-4). Determine y(v).
8
Suppose -m + 5*t = -7, 4*t + 1 = m + 2*t. Let b be m + (-4)/(12/(-15)). Let u(l) = 2*l**2 - 2*l. Determine u(b).
4
Let t(i) = i**3 + i + 1. Let g(b) = -2*b**3 - 6*b**2 + 3*b - 6. Let f(q) = -g(q) - 3*t(q). Calculate f(5).
-2
Let l = -27 + 19. Let h be (6/8)/(2/(-16)). Let b = h - l. Let p(y) = -4*y + 3. Give p(b).
-5
Let o(d) = -d**2 - 1. Let l(a) = a**3 + 2*a**2 + a - 7. Let t(s) = l(s) - 5*o(s). Suppose x - 8 = 3*x, 5*x + 41 = -3*p. Calculate t(p).
-9
Let c(z) = z**3 - 5*z**2 - 6*z - 6. Let q(s) = -2*s - 2. Let i be q(-4). Determine c(i).
-6
Let u(j) = j**3 + 4*j**2 - 2*j - 2. Suppose -m + 4*z = z + 19, -3*m + 5*z = 37. Give u(m).
6
Let d(x) = -x + 10. Suppose -94*q + 98*q - 52 = 0. What is d(q)?
-3
Let p(l) = l - 2 - 5*l + 4*l - 2*l**2. Give p(2).
-10
Let m(a) be the second derivative of -a**7/840 + a**5/120 + 7*a**4/24 - a**3/6 + 4*a. Let d(w) be the second derivative of m(w). Give d(0).
7
Let d be 11 + -7 + 2/2 + -5. Let n(c) = c + 6. Determine n(d).
6
Let w(l) = l + 1. Let c be w(1). Let t(r) be the first derivative of 1/4*r**4 + 3*r**2 - c*r**3 + 2*r - 1. Give t(5).
7
Let r(y) = y - 4. Suppose -p + 3*f - 2 = 0, 0*p + 2*f + 7 = -p. Let t = p + 11. Let b be r(t). Let h(d) = 2*d**2 - 2*d + 2. Calculate h(b).
6
Let x = -477 - -472. Let d(v) be the second derivative of -v**5/20 - v**4/2 - v**3/2 + 3*v**2 - v. Determine d(x).
-4
Suppose 0 = -3*h, 4*h - 15 + 4 = -n. Let i(f) = f - 15. Calculate i(n).
-4
Let i(p) = p**3 - 10*p**2 + 5 - 8*p + 18*p**2 + 16*p. Calculate i(-7).
-2
Let g(u) = u**3 - 8*u**2 + 7*u - 2. Suppose 2*f + 7 = 3*f. Let h be g(f). Let o(k) = k**3 + k**2 - 2*k - 2. What is o(h)?
-2
Let s(n) = 9*n - 7. Let l(y) = -4*y + 3. Suppose -v - 2 = 3, -4*v = -z + 13. Let i(m) = z*l(m) - 3*s(m). What is i(-1)?
-1
Let d(l) be the second derivative of -l**3/6 + 5*l**2/2 - l. Suppose -4*z = 3*m - 9, 0*z - z + 15 = 5*m. Give d(z).
5
Let m(r) = 3*r**2 + 2*r + 1. Let j = -62 + 91. Suppose 5*o = -4*i - j, o - 3 = 4*i - 4. Calculate m(i).
2
Let a(d) = 213 + d**2 - 210 + 5*d + 0*d**2. What is a(-6)?
9
Let c(q) = -q + 12. Let l be c(11). Let s = 4 - l. Suppose -4*n = 2*w - 14, -2*w = n - s*n - 2. Let o(m) = m + 3. Calculate o(w).
6
Let m(u) = -4*u**3 - u**2 - u. Let y be m(-1). Suppose 4 = 6*i - y*i. Let q(t) = 2*t + 2. Determine q(i).
6
Let p = 3 - -2. Let t(g) = 4*g + 6 - 5*g - 1. Let m be t(p). Let w(i) = i**2 + i + 5. Determine w(m).
5
Let o = 6 + 0. Suppose -4*d + o*r = r - 8, -4*d = r + 16. Let b(u) = -u**3 - 5*u**2 - 4*u. Determine b(d).
-6
Let g(t) = 21*t**3 - 14*t**2 - 5*t + 2. Let m(o) = 32*o**3 - 22*o**2 - 8*o + 3. Let r(n) = -8*g(n) + 5*m(n). Determine r(-1).
9
Let g(q) be the second derivative of q**5/20 - q**3/3 + 3*q**2/2 + 6*q. Calculate g(2).
7
Let a(z) be the second derivative of 7*z**4/24 - z**2/2 - z. Let d(s) be the first derivative of a(s). Give d(1).
7
Let h(b) = -b**3 - 5*b**2 + 3*b + 6. Suppose -4*r - 4*o = 0, 4*r - 3*o = 2*o - 45. Determine h(r).
-9
Let l(v) = -v**3 - 3*v**2 + 2*v - 6. Let f(w) = w**2 - 1. Let r(x) = 2*f(x) - l(x). What is r(-4)?
28
Suppose 0 = 4*z - 2*z - 18. Let n be (z/6)/(3/8). Let d(g) be the second derivative of g**5/20 - 5*g**4/12 + 5*g**3/6 + 2*g**2 + g. What is d(n)?
8
Let x(l) = -4*l**2 - l - 5. Let n(m) be the third derivative of -m**5/20 - 2*m**3/3 - 6*m**2. Let k(d) = -3*n(d) + 2*x(d). Determine k(3).
5
Let t be (25/20)/(-1 + (-5)/(-4)). Let j(z) = 0*z**3 + 7 - 6*z**2 + z**3 - 1 + 2*z. Give j(t).
-9
Let k be 6/(-4)*8/(-6). Let i(s) = -s**3 + s**2 + 2*s - 1. Let p be i(k). Let l(j) = -1 - 20*j + 19*j + j**3 + 0*j**3. Determine l(p).
-1
Let s(l) be the second derivative of -l**4/12 - 5*l**2 - 3*l. Let b = 12 - 12. Calculate s(b).
-10
Let q(d) be the second derivative of -d**7/840 + d**6/360 + d**5/30 - d**4/8 - d**3 - 2*d. Let i(m) be the second derivative of q(m). Determine i(3).
-9
Suppose -4*z - 4*q + 7 = -5, -1 = -q. Suppose n = z, -62 = -5*o - 4*n + 26. Suppose -3*l = l - o. Let p(b) = -2*b + 1. What is p(l)?
-7
Let x(o) = 4*o**3 - o - o - 20*o**2 + 2 - 3*o**3 + 18*o**2. Let z(v) = -v**2 - 5*v + 3. Let f be z(-5). What is x(f)?
5
Let w(q) = q**2 + q + 29 - 16 - 15. Determine w(-2).
0
Let n(b) be the first derivative of b**4/2 + b**3/3 - b**2/2 - 3. Let v be n(1). Let g = v - -3. Let t(m) = m - 6. Give t(g).
-1
Let r(c) = -c**2 + 1. Let j(d) = d + 5. Suppose 5*n - 27 = -3*t, -2*t + 2 = -3*n + 3. Suppose 0 = 3*v - n + 18. Let p be j(v). What is r(p)?
1
Let z = -5 - -9. Let l(c) = 3*c + 0 + 2 - z*c. Let d = 65 - 60. What is l(d)?
-3
Let t(j) = j**3 + j**2 - j. Let f(c) = c**3 - 6*c**2 + 2*c - 1. Let l(x) = f(x) + 4*t(x). Determine l(-1).
-6
Let s(f) = f**3 - 3*f**2 - 3*f + 1. Let q be 2*3/((-3)/(-8)). Let t = -12 + q. Calculate s(t).
5
Suppose -2*q + 7*q + 20 = 0. Let c(p) be the first derivative of p**3/3 + 5*p**2/2 + 4*p - 2. Determine c(q).
0
Suppose 0 = -2*i - 17 + 55. Suppose 5*h - 4 = -i. Let z(u) = -u**3 - 3*u**2 - 3. Give z(h).
-3
Suppose 0 = 4*w + q - 31, q - 3*q - 1 = -w. Let y = w + -3. Suppose -y*j - j + 5 = 0. Let g(f) = 8*f**2 - 1. Calculate g(j).
7
Let m(u) = -u**2 - 3*u - 3*u - u + 9. Suppose 9*r + 19 = -44. Give m(r).
9
Let t(h) = h. Let b(j) = 10*j - 9. Let a(m) = -b(m) + 5*t(m). Give a(6).
-21
Let w(k) = k - 3. Let m(s) = s - 2. Let p(y) = -5*m(y) + 3*w(y). Give p(2).
-3
Let q(k) = -3*k + 14. Let z be q(10). Let v = z + 17. Let h(r) = 2*r. Determine h(v).
2
Let b(r) = -3*r + 0 + 13*r + 1. Let f be 0/((-1)/(3/6)). Suppose -4*w + 2*d - 5 = -17, 4*w + d = f. Determine b(w).
11
Suppose 0 = -3*k + k + 42. Suppose 1 = -5*y + k. Let p(v) = 1 - 1 - v**3 + y*v - 2*v**2. Give p(-3).
-3
Let k(x) = 3*x - 8*x + 3*x + 3. Calculate k(5).
-7
Let r(h) = 7*h + 0*h - 5 - 4*h - 4*h. Calculate r(-5).
0
Let v = 107 - 108. Let m(o) = 18*o**3 - 11*o**2 + 15*o - 9. Let s(y) = -9*y**3 + 6*y**2 - 8*y + 5. Let w(x) = -6*m(x) - 11*s(x). What is w(v)?
10
Let h(t) be the seco